239?
239
List the prime factors of 98480.
2, 5, 1231
What are the prime factors of 10310?
2, 5, 1031
List the prime factors of 8301.
3, 2767
List the prime factors of 26140.
2, 5, 1307
What are the prime factors of 626?
2, 313
List the prime factors of 2548.
2, 7, 13
What are the prime factors of 49948?
2, 12487
List the prime factors of 117.
3, 13
List the prime factors of 39033.
3, 4337
List the prime factors of 48914.
2, 37, 661
List the prime factors of 71890.
2, 5, 7, 13, 79
List the prime factors of 3308.
2, 827
List the prime factors of 17891.
17891
List the prime factors of 21921.
3, 7307
List the prime factors of 1331.
11
What are the prime factors of 147241?
73, 2017
List the prime factors of 54081.
3, 2003
List the prime factors of 21883.
79, 277
What are the prime factors of 5185?
5, 17, 61
List the prime factors of 67829.
67829
List the prime factors of 8470.
2, 5, 7, 11
What are the prime factors of 1850?
2, 5, 37
List the prime factors of 3803.
3803
List the prime factors of 16318.
2, 41, 199
List the prime factors of 48043.
107, 449
List the prime factors of 25844.
2, 7, 13, 71
List the prime factors of 5346.
2, 3, 11
What are the prime factors of 19593?
3, 7, 311
What are the prime factors of 6149?
11, 13, 43
What are the prime factors of 227?
227
List the prime factors of 3607.
3607
What are the prime factors of 1422?
2, 3, 79
List the prime factors of 2430.
2, 3, 5
List the prime factors of 226.
2, 113
List the prime factors of 5297.
5297
What are the prime factors of 42035?
5, 7, 1201
What are the prime factors of 7606?
2, 3803
What are the prime factors of 602?
2, 7, 43
List the prime factors of 310.
2, 5, 31
What are the prime factors of 10518?
2, 3, 1753
What are the prime factors of 2092?
2, 523
List the prime factors of 389.
389
What are the prime factors of 515?
5, 103
What are the prime factors of 69253?
23, 3011
List the prime factors of 17071.
43, 397
What are the prime factors of 36021?
3, 12007
List the prime factors of 648.
2, 3
List the prime factors of 3880.
2, 5, 97
What are the prime factors of 8541?
3, 13, 73
What are the prime factors of 1057?
7, 151
List the prime factors of 5347.
5347
What are the prime factors of 781?
11, 71
List the prime factors of 2909.
2909
List the prime factors of 46870.
2, 5, 43, 109
What are the prime factors of 2236?
2, 13, 43
What are the prime factors of 10097?
23, 439
What are the prime factors of 890?
2, 5, 89
List the prime factors of 8636.
2, 17, 127
What are the prime factors of 968?
2, 11
What are the prime factors of 62225?
5, 19, 131
What are the prime factors of 13208?
2, 13, 127
What are the prime factors of 108668?
2, 7, 3881
What are the prime factors of 6894?
2, 3, 383
What are the prime factors of 934?
2, 467
List the prime factors of 139.
139
What are the prime factors of 107?
107
What are the prime factors of 1409?
1409
List the prime factors of 6259.
11, 569
List the prime factors of 4215.
3, 5, 281
List the prime factors of 3252.
2, 3, 271
List the prime factors of 15919.
15919
What are the prime factors of 11244?
2, 3, 937
List the prime factors of 58791.
3, 19597
List the prime factors of 11645.
5, 17, 137
List the prime factors of 851.
23, 37
List the prime factors of 1554.
2, 3, 7, 37
List the prime factors of 1005.
3, 5, 67
List the prime factors of 13394.
2, 37, 181
List the prime factors of 595.
5, 7, 17
What are the prime factors of 8740?
2, 5, 19, 23
What are the prime factors of 3322?
2, 11, 151
What are the prime factors of 616?
2, 7, 11
What are the prime factors of 93181?
11, 43, 197
List the prime factors of 606.
2, 3, 101
What are the prime factors of 1210?
2, 5, 11
What are the prime factors of 13907?
13907
List the prime factors of 924.
2, 3, 7, 11
What are the prime factors of 9596?
2, 2399
List the prime factors of 2325.
3, 5, 31
List the prime factors of 3375.
3, 5
What are the prime factors of 1332?
2, 3, 37
What are the prime factors of 3328?
2, 13
What are the prime factors of 55196?
2, 13799
What are the prime factors of 132513?
3, 44171
List the prime factors of 1449.
3, 7, 23
List the prime factors of 8402.
2, 4201
What are the prime factors of 185168?
2, 71, 163
List the prime factors of 10269.
3, 7, 163
List the prime factors of 20275.
5, 811
List the prime factors of 84498.
2, 3, 14083
What are the prime factors of 2118?
2, 3, 353
List the prime factors of 11502.
2, 3, 71
List the prime factors of 416.
2, 13
What are the prime factors of 786?
2, 3, 131
List the prime factors of 13745.
5, 2749
List the prime factors of 117755.
5, 11, 2141
List the prime factors of 695.
5, 139
List the prime factors of 37673.
101, 373
What are the prime factors of 10134?
2, 3, 563
List the prime factors of 5270.
2, 5, 17, 31
What are the prime factors of 2489?
19, 131
List the prime factors of 41.
41
What are the prime factors of 963?
3, 107
List the prime factors of 4449.
3, 1483
List the prime factors of 71912.
2, 89, 101
List the prime factors of 49628.
2, 19, 653
What are the prime factors of 16003?
13, 1231
List the prime factors of 1816.
2, 227
List the prime factors of 3036.
2, 3, 11, 23
What are the prime factors of 7014?
2, 3, 7, 167
List the prime factors of 6646.
2, 3323
What are the prime factors of 16725?
3, 5, 223
What are the prime factors of 1297?
1297
List the prime factors of 3542.
2, 7, 11, 23
List the prime factors of 3463.
3463
List the prime factors of 23349.
3, 43, 181
What are the prime factors of 3032?
2, 379
What are the prime factors of 4873?
11, 443
List the prime factors of 18850.
2, 5, 13, 29
What are the prime factors of 7824?
2, 3, 163
List the prime factors of 14717.
14717
List the prime factors of 7818.
2, 3, 1303
What are the prime factors of 46523?
46523
List the prime factors of 469.
7, 67
What are the prime factors of 4894?
2, 2447
What are the prime factors of 6083?
7, 11, 79
List the prime factors of 11875.
5, 19
What are the prime factors of 16522?
2, 11, 751
What are the prime factors of 1504?
2, 47
What are the prime factors of 1640?
2, 5, 41
What are the prime factors of 11532?
2, 3, 31
List the prime factors of 665.
5, 7, 19
List the prime factors of 3398.
2, 1699
List the prime factors of 64289.
53, 1213
What are the prime factors of 2817?
3, 313
What are the prime factors of 3923?
3923
What are the prime factors of 47937?
3, 19, 29
List the prime factors of 64771.
7, 19, 487
What are the prime factors of 1484?
2, 7, 53
List the prime factors of 15772.
2, 3943
List the prime factors of 44482.
2, 23, 967
What are the prime factors of 19366?
2, 23, 421
List the prime factors of 16041.
3, 5347
List the prime factors of 5802.
2, 3, 967
List the prime factors of 552.
2, 3, 23
List the prime factors of 6891.
3, 2297
What are the prime factors of 19747?
7, 13, 31
List the prime factors of 24013.
11, 37, 59
List the prime factors of 2331.
3, 7, 37
What are the prime factors of 4990?
2, 5, 499
What are the prime factors of 17431?
17431
List the prime factors of 11.
11
List the prime factors of 4338.
2, 3, 241
List the prime factors of 1774.
2, 887
List the prime factors of 10631.
10631
What are the prime factors of 1080?
2, 3, 5
List the prime factors of 47152.
2, 7, 421
What are the prime factors of 477?
3, 53
List the prime factors of 12690.
2, 3, 5, 47
What are the prime factors of 1136?
2, 71
List the prime factors of 295.
5, 59
What are the prime factors of 168?
2, 3, 7
What are the prime factors of 92?
2, 23
List the prime factors of 1671.
3, 557
What are the prime factors of 16228?
2, 4057
List the prime factors of 7455.
3, 5, 7, 71
What are the prime factors of 1705?
5, 11, 31
List the prime factors of 392.
2, 7
What are the prime factors of 563?
563
What are the prime factors of 2853?
3, 317
What are the prime factors of 61404?
2, 3, 7, 17, 43
What are the prime factors of 3667?
19, 193
What are the prime factors of 928?
2, 29
List the prime factors of 69299.
23, 131
What are the prime factors of 149?
149
List the prime factors of 42128.
2, 2633
List the prime factors of 31197.
3, 10399
List the prime factors of 31647.
3, 7, 11, 137
List the prime factors of 895.
5, 179
List the prime factors of 1470.
2, 3, 5, 7
What are the prime factors of 37542?
2, 3, 6257
List the prime factors of 176.
2, 11
Wh